466 is divided by 171?
98
What is the remainder when 3560 is divided by 176?
40
What is the remainder when 37378 is divided by 210?
208
What is the remainder when 52307 is divided by 47?
43
Calculate the remainder when 95447 is divided by 23.
20
Calculate the remainder when 1804 is divided by 801.
202
What is the remainder when 108491 is divided by 73?
13
Calculate the remainder when 1394 is divided by 1365.
29
What is the remainder when 53812 is divided by 77?
66
Calculate the remainder when 1505448 is divided by 68.
64
Calculate the remainder when 3789 is divided by 119.
100
What is the remainder when 329280 is divided by 74?
54
Calculate the remainder when 4985 is divided by 687.
176
What is the remainder when 197731 is divided by 12?
7
What is the remainder when 23790 is divided by 441?
417
Calculate the remainder when 3447538 is divided by 716.
714
Calculate the remainder when 6844 is divided by 52.
32
What is the remainder when 347701 is divided by 115896?
13
What is the remainder when 762871 is divided by 1770?
1
Calculate the remainder when 5326 is divided by 53.
26
Calculate the remainder when 621 is divided by 409.
212
What is the remainder when 24805 is divided by 459?
19
Calculate the remainder when 438 is divided by 89.
82
What is the remainder when 2448 is divided by 159?
63
What is the remainder when 14539 is divided by 973?
917
What is the remainder when 210402 is divided by 70132?
6
What is the remainder when 253 is divided by 123?
7
What is the remainder when 1647 is divided by 583?
481
Calculate the remainder when 27067 is divided by 6764.
11
What is the remainder when 11774 is divided by 83?
71
What is the remainder when 105694 is divided by 367?
365
Calculate the remainder when 150154 is divided by 23.
10
Calculate the remainder when 33644 is divided by 48.
44
What is the remainder when 12889907 is divided by 170?
167
What is the remainder when 2141 is divided by 1503?
638
Calculate the remainder when 5191 is divided by 104.
95
What is the remainder when 1219034 is divided by 152?
146
What is the remainder when 881207 is divided by 881198?
9
What is the remainder when 395919 is divided by 114?
111
What is the remainder when 1065419 is divided by 82?
75
Calculate the remainder when 114322 is divided by 17.
14
Calculate the remainder when 7426449 is divided by 33.
30
Calculate the remainder when 116717 is divided by 891.
887
Calculate the remainder when 1451 is divided by 580.
291
What is the remainder when 231023 is divided by 366?
77
What is the remainder when 2809 is divided by 1385?
39
Calculate the remainder when 29509 is divided by 14750.
9
Calculate the remainder when 9454 is divided by 1571.
28
Calculate the remainder when 761 is divided by 404.
357
What is the remainder when 115632 is divided by 179?
177
What is the remainder when 6882 is divided by 1368?
42
What is the remainder when 85548 is divided by 58?
56
Calculate the remainder when 929367 is divided by 390.
387
Calculate the remainder when 497211 is divided by 277.
273
Calculate the remainder when 383 is divided by 198.
185
What is the remainder when 2543 is divided by 199?
155
What is the remainder when 2498 is divided by 207?
14
What is the remainder when 25249 is divided by 74?
15
What is the remainder when 1102281 is divided by 551126?
29
Calculate the remainder when 1744 is divided by 108.
16
Calculate the remainder when 870 is divided by 769.
101
What is the remainder when 1191 is divided by 27?
3
What is the remainder when 44850 is divided by 7473?
12
Calculate the remainder when 2850 is divided by 369.
267
Calculate the remainder when 8758 is divided by 8553.
205
Calculate the remainder when 23345 is divided by 417.
410
What is the remainder when 957569 is divided by 148?
9
Calculate the remainder when 4515 is divided by 1488.
51
Calculate the remainder when 140646 is divided by 13.
12
Calculate the remainder when 4087 is divided by 384.
247
What is the remainder when 796 is divided by 119?
82
Calculate the remainder when 47941 is divided by 282.
1
Calculate the remainder when 1373 is divided by 485.
403
What is the remainder when 65645 is divided by 130?
125
Calculate the remainder when 808976 is divided by 291.
287
Calculate the remainder when 317618 is divided by 157.
7
What is the remainder when 165841 is divided by 26?
13
Calculate the remainder when 8887 is divided by 112.
39
What is the remainder when 35560 is divided by 175?
35
What is the remainder when 74282 is divided by 49?
47
What is the remainder when 90127 is divided by 467?
463
Calculate the remainder when 25018 is divided by 5.
3
Calculate the remainder when 1212716 is divided by 62.
58
Calculate the remainder when 16250 is divided by 812.
10
What is the remainder when 3059903 is divided by 563?
561
Calculate the remainder when 3268 is divided by 171.
19
Calculate the remainder when 3012 is divided by 192.
132
What is the remainder when 49422 is divided by 24708?
6
What is the remainder when 20201 is divided by 51?
5
Calculate the remainder when 47260 is divided by 5877.
244
Calculate the remainder when 19016 is divided by 9504.
8
What is the remainder when 69 is divided by 67?
2
What is the remainder when 12275 is divided by 4082?
29
What is the remainder when 790476 is divided by 131746?
0
Calculate the remainder when 5551 is divided by 554.
11
What is the remainder when 3370 is divided by 338?
328
Calculate the remainder when 1585 is divided by 641.
303
Calculate the remainder when 19604 is divided by 31.
12
What is the remainder when 42857 is divided by 42851?
6
What is the remainder when 24922 is divided by 1466?
0
Calculate the remainder when 383683 is divided by 12.
7
What is the remainder when 98790 is divided by 79?
40
What is the remainder when 25038 is divided by 5000?
38
Calculate the remainder when 12805 is divided by 4153.
346
Calculate the remainder when 406373 is divided by 158.
155
Calculate the remainder when 4771 is divided by 143.
52
Calculate the remainder when 113651 is divided by 84.
83
Calculate the remainder when 3747 is divided by 101.
10
What is the remainder when 590 is divided by 503?
87
What is the remainder when 1956 is divided by 117?
84
Calculate the remainder when 11371 is divided by 455.
451
What is the remainder when 11690 is divided by 8?
2
What is the remainder when 24273 is divided by 88?
73
What is the remainder when 67164 is divided by 28?
20
Calculate the remainder when 6357 is divided by 5833.
524
Calculate the remainder when 24321 is divided by 592.
49
Calculate the remainder when 22145 is divided by 188.
149
Calculate the remainder when 5192 is divided by 954.
422
Calculate the remainder when 683157 is divided by 25.
7
What is the remainder when 164247 is divided by 125?
122
Calculate the remainder when 6664 is divided by 16.
8
What is the remainder when 270745 is divided by 14?
13
What is the remainder when 8255 is divided by 275?
5
What is the remainder when 1466 is divided by 159?
35
Calculate the remainder when 5974 is divided by 549.
484
What is the remainder when 171625 is divided by 1053?
1039
Calculate the remainder when 360215 is divided by 72.
71
Calculate the remainder when 2617 is divided by 65.
17
Calculate the remainder when 24264 is divided by 115.
114
Calculate the remainder when 8645 is divided by 576.
5
Calculate the remainder when 7870266 is divided by 178.
174
What is the remainder when 26755 is divided by 71?
59
What is the remainder when 326192 is divided by 12?
8
What is the remainder when 1018 is divided by 318?
64
What is the remainder when 8592 is divided by 4137?
318
Calculate the remainder when 52389 is divided by 169.
168
What is the remainder when 21555 is divided by 30?
15
Calculate the remainder when 4759 is divided by 4106.
653
Calculate the remainder when 5117499 is divided by 445.
444
Calculate the remainder when 2362 is divided by 489.
406
What is the remainder when 6155 is divided by 477?
431
What is the remainder when 268189 is divided by 189?
187
Calculate the remainder when 222014 is divided by 163.
8
Calculate the remainder when 1638388 is divided by 39.
37
Calculate the remainder when 18070 is divided by 223.
7
Calculate the remainder when 7162770 is divided by 76.
74
What is the remainder whe